of i?
2
Suppose 0 = 14*a - 70*a + 1728160. What is the thousands digit of a?
0
Let v = 9907 - 6763. What is the units digit of v?
4
What is the hundreds digit of (16/(-144) - 22/18)/((-4)/1449)?
4
Let y = 115 - 112. Let g be 1*(-148 + 0 + 1 - y). What is the units digit of ((-6)/15)/(2/g)?
0
Suppose -97*f + 21 = -100*f. Suppose 11*n = 5*n - 24. What is the hundreds digit of 142 + (f - n) + 3 + -1?
1
Let l(k) = -k**3 + 27*k**2 + 17*k - 11. Let z be l(28). Let n = z - -1133. What is the tens digit of n?
1
Let j be (-6)/9*3 - (-4 + -1). Suppose j*v = 13*v - 2410. What is the units digit of v?
1
Suppose x + 19 = 24. What is the units digit of 6/(24/(-2140))*(-2)/x?
4
Suppose -17*m = -20*m - 432. Let i be (122/4)/(140/m + 1). Suppose i = -4*h + 13*h. What is the tens digit of h?
2
Suppose -4*n + 5*n = -2*m - 1459, -m = n + 1462. Let u = -767 - n. What is the units digit of u?
8
Suppose -4*j + 16 = 0, -5*j + 20 = 2*m - 8. Suppose -4*s + 5*o = -220, 200 = 3*s + o + m*o. Let t = s + -57. What is the units digit of t?
3
Let n = 10671 - -367. What is the tens digit of n?
3
Suppose 52*l + 14*l - 7*l - 3655935 = 0. What is the ten thousands digit of l?
6
What is the ten thousands digit of ((-1024)/(-72) - 14) + 389077/9?
4
Let x(z) = z**3 + 37*z**2 + 8*z - 69. What is the hundreds digit of x(-28)?
7
Let k(r) = r**3 + 37*r**2 - 308*r + 74. Let b be k(-44). Suppose -60 = 3*l + 39. Let h = l + b. What is the tens digit of h?
4
Let u(s) = -s**3 + 2*s - 13. Let w be u(-5). Suppose 100*n - w*n + 56 = 0. What is the units digit of n?
8
Let z = -292 + 208. Let k = -8 + z. Let n = k + 210. What is the units digit of n?
8
Suppose 3*l - 221 = -2987. Let b = l + 1571. What is the units digit of b?
9
Let a = -78 - -70. Let s be a/(-8) - (-1 - -2)/(-1). Suppose 0 = -f + 5*m + 68, 5*m + 18 + 108 = s*f. What is the tens digit of f?
5
Let p = -194 + 192. What is the units digit of ((-198)/(-30) - 5)/(p/(-810))?
8
Let r(c) = 34*c - 30. Let o be r(1). Suppose -2*q + 58 = -v, -o*q + 5*q + 5*v - 40 = 0. What is the units digit of q?
0
Let l(g) = -2*g**2 + 47*g + 8. Let q(t) = -2*t**2 + 46*t + 7. Suppose -11*u = 5*u - 112. Let x(y) = u*q(y) - 6*l(y). What is the units digit of x(20)?
1
Let z(k) = 3*k**2 + 11. Let y be ((-2 - -1)/(-2))/((-3)/(-30)). Suppose -2*m = -y*m + 15. What is the units digit of z(m)?
6
Suppose 0 = 9*c - 19*c + 40. Suppose 4*l - 5*u + c*u = 207, -4*u = -l + 33. What is the tens digit of l?
5
Suppose 34*n - 35*n + 2 = 0. Suppose 3*i + n*x - 7*x - 521 = 0, x - 733 = -4*i. What is the tens digit of i?
8
Suppose -40*q - 42 = -46*q. Suppose 0 = 4*d + q*k - 6*k - 891, 2*d - 447 = k. What is the hundreds digit of d?
2
Suppose -9*c + 72132 = -13*c + 10*c. What is the ten thousands digit of c?
1
Let k be (207/54)/((-2)/(-24)). Suppose z + 29 = f - 4*z, -4*z - k = -2*f. What is the tens digit of f?
1
Suppose 727 = 16*n - 761. Let g = -108 + n. What is the units digit of ((-1)/((-20)/(-376)))/(6/g)?
7
What is the thousands digit of (-154928742)/(-5160) + 2/40?
0
Suppose 5*t = -5*z + z + 65, 0 = -4*t - 2*z + 46. Let s be t/2 + 8/(-16). Suppose 3*a + a + 5*j - 45 = 0, 26 = 3*a - s*j. What is the tens digit of a?
1
Let y(g) = -294*g + 465. What is the thousands digit of y(-15)?
4
Let l = -3818 - -6244. What is the hundreds digit of l?
4
Suppose 3*b - 5*h - 30974 = 64298, 5*b = h + 158772. What is the ten thousands digit of b?
3
Suppose 5*y + o + 25 = 0, -4*o - 11 = -3*y - 3. Let q be 2*y/(-8) + -46. Let a = q + 62. What is the units digit of a?
7
Let x be 5/(-30)*-27*2/(-3). Let l be -1 + 0 + (884 - (-2 - x)). Suppose 528 = 3*g + k, -k + l = -0*g + 5*g. What is the units digit of g?
7
Let q(l) = -354*l + 1162. What is the units digit of q(-11)?
6
Let p(z) = -z**3 + 7*z**2 - 15*z - 10. Let l(q) = q**3 - 8*q**2 + 14*q + 11. Let y(c) = -6*l(c) - 5*p(c). What is the units digit of y(11)?
7
Let i be (30/(-60))/((-2)/(-8)) - -302. Let z = i - 91. What is the units digit of z?
9
Suppose 40*x = 30*x + 49440. What is the hundreds digit of x?
9
What is the ten thousands digit of ((-217180)/100)/(6/(-30))?
1
Let u(c) = 1222*c - 2097. What is the units digit of u(13)?
9
Suppose -n - n = -2872. Suppose 23*m - n = 19*m. What is the hundreds digit of m?
3
Let q(s) = 20*s - 2. Let w be q(2). Suppose 3*d - w = 85. Suppose d*f - 36*f = 205. What is the units digit of f?
1
Suppose 170 = -5*m - 5*h, -4*h + 0 = 4. Let i = -19 + m. Let d = i + 118. What is the units digit of d?
6
Suppose 0 = 2*t - 4*n - 6524, 4*t - 8*n + 5*n - 13048 = 0. What is the units digit of t?
2
Suppose 4 = -d + 3, d = -5*i + 2339. Let h = i - 75. What is the hundreds digit of h?
3
Suppose -235700 = -10*v + 102440. What is the units digit of v?
4
Suppose 11608 + 3858 = 4*u + 2*a, -11587 = -3*u + a. Suppose 273*o - 266*o - u = 0. What is the tens digit of o?
5
Let j(k) = -k**3 + 11*k**2 + 12*k. Let c be j(12). Suppose -5*f - 5*w + 40 = c, 0 = -3*w - 2*w + 20. Suppose -f*s + 10 = -58. What is the units digit of s?
7
Suppose -476 = 5*j - j. Let f = 2 - j. What is the tens digit of f?
2
Suppose 9*v = 27519 + 39576. What is the hundreds digit of v?
4
Let l be (1 - 0)/(12 - 13). What is the units digit of l - ((-10)/(-15) + (-1948)/6)?
3
Let c(g) = -6*g - 25 + 2 + g**3 - 11*g**2 - 2*g**2. Suppose a - 19 = -q, -7*q - 3*a = -3*q - 71. What is the units digit of c(q)?
9
Let k = -85 - -93. Let m be (-3 - -1) + k - (1 + -2). Suppose 21 + 49 = m*x. What is the tens digit of x?
1
Suppose 0 = -3*o - 12, -4*o = -50*p + 52*p - 20216. What is the tens digit of p?
1
Let a = 2672 - 798. What is the hundreds digit of a?
8
Suppose 8 = -n + 3*a, n - 13*a + 11*a + 4 = 0. What is the units digit of (3 + n)*30/35?
6
Let j = 32344 - 4051. What is the units digit of j?
3
Let u(z) = -2 + 31 - 4 - 1 - 3*z + z**3 + z**2 + 3. What is the hundreds digit of u(8)?
5
Let b be (-5 - (-12 - 2)) + -5. Let k(d) = 3032 + 2*d - b*d**2 - 3039 + 13*d**2. What is the units digit of k(3)?
0
Let c(n) = 2674 - 2362 - 2*n + 45*n. What is the tens digit of c(-5)?
9
What is the thousands digit of -28*27/(-4158) + 2335833/33?
0
Let y = -146 - -342. Suppose 5*p - 3*p = 4*k + y, 5*p = -k + 534. Suppose -4*o + p = -2*w, 0*o - w - 128 = -5*o. What is the units digit of o?
5
Suppose -3*h = 2*q - 48475, -57*h + 52*h = -q - 80809. What is the units digit of h?
1
Suppose z + 36 = 4*z. Let f be (1 + (-15)/25)*5. Suppose r + f*r = z, -2*i + r + 32 = 0. What is the units digit of i?
8
Let g = -365 + -286. Let r = 945 + g. What is the tens digit of r?
9
Let b be 10/(-2) + -4 + 7. Let s be (-8)/(-3)*b*888/(-32). Suppose s = 4*h - 3*n + 5*n, 3*h + 5*n = 97. What is the units digit of h?
9
Suppose 0 = 4*x + 4, -z - 4*z - 5*x + 10 = 0. Suppose 3*b = -z*l - 0*b + 975, 4*l - 1335 = 3*b. What is the tens digit of l?
3
What is the tens digit of (-15)/(-2 - 3) + 9800 + (0 - -2)?
0
Let g(d) = 2*d**2 + 17*d + 29. Let j(u) = -u**2 - 31*u - 67. Let o be j(-29). What is the tens digit of g(o)?
3
Let g(h) = -7*h + 10. Let z(u) = 2. Let r(q) = -g(q) + 2*z(q). What is the hundreds digit of r(20)?
1
Let x = 17540 - 8775. What is the units digit of x?
5
Let q(f) = 12*f**3 - 4*f**2 + 4*f - 1. Suppose -5*v = -31 + 16. What is the units digit of q(v)?
9
Let s be ((-48)/(-10))/(-3)*(-30)/12. Suppose -2580 - 204 = -s*a. Suppose 0 = 10*g - 14*g + a. What is the hundreds digit of g?
1
Let l(u) = -4*u**3 - 13*u**2 - 9*u - 100. What is the tens digit of l(-14)?
5
Suppose 0 = -273*l + 275*l - 8358. Suppose -5*s = 3*j - 1, -4*j - s = -3 - 4. What is the hundreds digit of l/39 - (28/13 - j)?
1
What is the hundreds digit of 7/5 - 133458/(-30)?
4
Let p be (-53482)/119 + 12/(-21). Let t = 785 + p. What is the tens digit of t?
3
Let r(x) = x**2 - 79*x - 107. What is the tens digit of r(-84)?
8
Suppose 3*o - 4*n = n - 11, -2*n + 4 = -o. What is the hundreds digit of 219/((-64)/(-48) - o/(-2))?
6
Let n(b) = -b**3 - 108*b**2 - 130*b + 501. What is the thousands digit of n(-110)?
9
Suppose 27*y - 24*y = 249. Suppose -39 = -y*u + 80*u. What is the tens digit of u?
1
Let u = 10959 + -1854. What is the hundreds digit of u?
1
Let p = -13625 - -61113. What is the tens digit of p?
8
Let m(b) = 10*b**2 + 23 - 4*b**2 + 6*b**2 + 14*b + b**3. Let w = -8859 - -8849. What is the tens digit of m(w)?
8
Suppose 5*h + 1561 = 11